{"id":77,"date":"2023-09-15T21:32:08","date_gmt":"2023-09-15T19:32:08","guid":{"rendered":"https:\/\/adca-artois.fr\/?page_id=77"},"modified":"2023-09-25T21:42:37","modified_gmt":"2023-09-25T19:42:37","slug":"les-conferences-et-exposes-de-la-d-c-a","status":"publish","type":"page","link":"https:\/\/adca-artois.fr\/index.php\/les-conferences-et-exposes-de-la-d-c-a\/","title":{"rendered":"Les conf\u00e9rences et expos\u00e9s de l&rsquo;A.D.C.A"},"content":{"rendered":"\n<p class=\"has-text-align-left has-background has-medium-font-size\" style=\"background:radial-gradient(rgb(202,248,128) 0%,rgb(113,206,126) 100%)\"><strong>L&rsquo;association propose des conf\u00e9rences \u00e0 ses membres et aux personnes int\u00e9ress\u00e9es. Les conf\u00e9rences se d\u00e9roulent \u00e0 Burbure (62), mais peuvent parfois \u00eatre d\u00e9localis\u00e9es sur le site du sujet de la conf\u00e9rence. <\/strong><\/p>\n","protected":false},"excerpt":{"rendered":"<p>L&rsquo;association propose des conf\u00e9rences \u00e0 ses membres et aux personnes int\u00e9ress\u00e9es. Les conf\u00e9rences se d\u00e9roulent \u00e0 Burbure (62), mais peuvent parfois \u00eatre d\u00e9localis\u00e9es sur le site du sujet de la conf\u00e9rence.<\/p>\n","protected":false},"author":1,"featured_media":0,"parent":0,"menu_order":0,"comment_status":"closed","ping_status":"closed","template":"","meta":{"footnotes":""},"class_list":["post-77","page","type-page","status-publish","hentry","entry"],"yoast_head":"<!-- This site is optimized with the Yoast SEO plugin v21.2 - https:\/\/yoast.com\/wordpress\/plugins\/seo\/ -->\n<title>Les conf\u00e9rences et expos\u00e9s de l&#039;A.D.C.A - Association pour la D\u00e9couverte d&#039;un Coin d&#039;Artois - entre Lys et Clarence -<\/title>\n<meta name=\"robots\" content=\"index, follow, max-snippet:-1, max-image-preview:large, max-video-preview:-1\" \/>\n<link rel=\"canonical\" href=\"https:\/\/adca-artois.fr\/index.php\/les-conferences-et-exposes-de-la-d-c-a\/\" \/>\n<meta property=\"og:locale\" content=\"fr_FR\" \/>\n<meta property=\"og:type\" content=\"article\" \/>\n<meta property=\"og:title\" content=\"Les conf\u00e9rences et expos\u00e9s de l&#039;A.D.C.A - Association pour la D\u00e9couverte d&#039;un Coin d&#039;Artois - entre Lys et Clarence -\" \/>\n<meta property=\"og:description\" content=\"L&rsquo;association propose des conf\u00e9rences \u00e0 ses membres et aux personnes int\u00e9ress\u00e9es. Les conf\u00e9rences se d\u00e9roulent \u00e0 Burbure (62), mais peuvent parfois \u00eatre d\u00e9localis\u00e9es sur le site du sujet de la conf\u00e9rence.\" \/>\n<meta property=\"og:url\" content=\"https:\/\/adca-artois.fr\/index.php\/les-conferences-et-exposes-de-la-d-c-a\/\" \/>\n<meta property=\"og:site_name\" content=\"Association pour la D\u00e9couverte d&#039;un Coin d&#039;Artois - entre Lys et Clarence -\" \/>\n<meta property=\"article:modified_time\" content=\"2023-09-25T19:42:37+00:00\" \/>\n<meta name=\"twitter:card\" content=\"summary_large_image\" \/>\n<script type=\"application\/ld+json\" class=\"yoast-schema-graph\">{\"@context\":\"https:\/\/schema.org\",\"@graph\":[{\"@type\":\"WebPage\",\"@id\":\"https:\/\/adca-artois.fr\/index.php\/les-conferences-et-exposes-de-la-d-c-a\/\",\"url\":\"https:\/\/adca-artois.fr\/index.php\/les-conferences-et-exposes-de-la-d-c-a\/\",\"name\":\"Les conf\u00e9rences et expos\u00e9s de l'A.D.C.A - Association pour la D\u00e9couverte d&#039;un Coin d&#039;Artois - entre Lys et Clarence -\",\"isPartOf\":{\"@id\":\"https:\/\/adca-artois.fr\/#website\"},\"datePublished\":\"2023-09-15T19:32:08+00:00\",\"dateModified\":\"2023-09-25T19:42:37+00:00\",\"breadcrumb\":{\"@id\":\"https:\/\/adca-artois.fr\/index.php\/les-conferences-et-exposes-de-la-d-c-a\/#breadcrumb\"},\"inLanguage\":\"fr-FR\",\"potentialAction\":[{\"@type\":\"ReadAction\",\"target\":[\"https:\/\/adca-artois.fr\/index.php\/les-conferences-et-exposes-de-la-d-c-a\/\"]}]},{\"@type\":\"BreadcrumbList\",\"@id\":\"https:\/\/adca-artois.fr\/index.php\/les-conferences-et-exposes-de-la-d-c-a\/#breadcrumb\",\"itemListElement\":[{\"@type\":\"ListItem\",\"position\":1,\"name\":\"Accueil\",\"item\":\"https:\/\/adca-artois.fr\/\"},{\"@type\":\"ListItem\",\"position\":2,\"name\":\"Les conf\u00e9rences et expos\u00e9s de l&rsquo;A.D.C.A\"}]},{\"@type\":\"WebSite\",\"@id\":\"https:\/\/adca-artois.fr\/#website\",\"url\":\"https:\/\/adca-artois.fr\/\",\"name\":\"Association pour la D\u00e9couverte d&#039;un Coin d&#039;Artois - entre Lys et Clarence -\",\"description\":\"L&#039;A.D.C.A est une Association r\u00e9gie par la loi du 1er Juillet 1901. Elle a \u00e9t\u00e9 fond\u00e9e le 23 janvier 1986. Notre Association propose la D\u00e9couverte et la promotion  de l&#039;histoire d&#039;un Coin d&#039;Artois sous tous ses aspects pour la partager avec le plus grand nombre d&#039;amateurs de tout \u00e2ge. Elle compte environ 60 membres. Si vous \u00eates int\u00e9ress\u00e9 par l&#039;histoire de notre r\u00e9gion, par des recherches g\u00e9n\u00e9alogiques ou participer  \u00e0 nos sorties th\u00e9matiques. Rejoignez-nous. L&#039;adh\u00e9sion est de 10 \u20ac et 15 \u20ac pour les couples.\",\"alternateName\":\"ADCA\",\"potentialAction\":[{\"@type\":\"SearchAction\",\"target\":{\"@type\":\"EntryPoint\",\"urlTemplate\":\"https:\/\/adca-artois.fr\/?s={search_term_string}\"},\"query-input\":\"required name=search_term_string\"}],\"inLanguage\":\"fr-FR\"}]}<\/script>\n<!-- \/ Yoast SEO plugin. -->","yoast_head_json":{"title":"Les conf\u00e9rences et expos\u00e9s de l'A.D.C.A - Association pour la D\u00e9couverte d&#039;un Coin d&#039;Artois - entre Lys et Clarence -","robots":{"index":"index","follow":"follow","max-snippet":"max-snippet:-1","max-image-preview":"max-image-preview:large","max-video-preview":"max-video-preview:-1"},"canonical":"https:\/\/adca-artois.fr\/index.php\/les-conferences-et-exposes-de-la-d-c-a\/","og_locale":"fr_FR","og_type":"article","og_title":"Les conf\u00e9rences et expos\u00e9s de l'A.D.C.A - Association pour la D\u00e9couverte d&#039;un Coin d&#039;Artois - entre Lys et Clarence -","og_description":"L&rsquo;association propose des conf\u00e9rences \u00e0 ses membres et aux personnes int\u00e9ress\u00e9es. Les conf\u00e9rences se d\u00e9roulent \u00e0 Burbure (62), mais peuvent parfois \u00eatre d\u00e9localis\u00e9es sur le site du sujet de la conf\u00e9rence.","og_url":"https:\/\/adca-artois.fr\/index.php\/les-conferences-et-exposes-de-la-d-c-a\/","og_site_name":"Association pour la D\u00e9couverte d&#039;un Coin d&#039;Artois - entre Lys et Clarence -","article_modified_time":"2023-09-25T19:42:37+00:00","twitter_card":"summary_large_image","schema":{"@context":"https:\/\/schema.org","@graph":[{"@type":"WebPage","@id":"https:\/\/adca-artois.fr\/index.php\/les-conferences-et-exposes-de-la-d-c-a\/","url":"https:\/\/adca-artois.fr\/index.php\/les-conferences-et-exposes-de-la-d-c-a\/","name":"Les conf\u00e9rences et expos\u00e9s de l'A.D.C.A - Association pour la D\u00e9couverte d&#039;un Coin d&#039;Artois - entre Lys et Clarence -","isPartOf":{"@id":"https:\/\/adca-artois.fr\/#website"},"datePublished":"2023-09-15T19:32:08+00:00","dateModified":"2023-09-25T19:42:37+00:00","breadcrumb":{"@id":"https:\/\/adca-artois.fr\/index.php\/les-conferences-et-exposes-de-la-d-c-a\/#breadcrumb"},"inLanguage":"fr-FR","potentialAction":[{"@type":"ReadAction","target":["https:\/\/adca-artois.fr\/index.php\/les-conferences-et-exposes-de-la-d-c-a\/"]}]},{"@type":"BreadcrumbList","@id":"https:\/\/adca-artois.fr\/index.php\/les-conferences-et-exposes-de-la-d-c-a\/#breadcrumb","itemListElement":[{"@type":"ListItem","position":1,"name":"Accueil","item":"https:\/\/adca-artois.fr\/"},{"@type":"ListItem","position":2,"name":"Les conf\u00e9rences et expos\u00e9s de l&rsquo;A.D.C.A"}]},{"@type":"WebSite","@id":"https:\/\/adca-artois.fr\/#website","url":"https:\/\/adca-artois.fr\/","name":"Association pour la D\u00e9couverte d&#039;un Coin d&#039;Artois - entre Lys et Clarence -","description":"L&#039;A.D.C.A est une Association r\u00e9gie par la loi du 1er Juillet 1901. Elle a \u00e9t\u00e9 fond\u00e9e le 23 janvier 1986. Notre Association propose la D\u00e9couverte et la promotion  de l&#039;histoire d&#039;un Coin d&#039;Artois sous tous ses aspects pour la partager avec le plus grand nombre d&#039;amateurs de tout \u00e2ge. Elle compte environ 60 membres. Si vous \u00eates int\u00e9ress\u00e9 par l&#039;histoire de notre r\u00e9gion, par des recherches g\u00e9n\u00e9alogiques ou participer  \u00e0 nos sorties th\u00e9matiques. Rejoignez-nous. L&#039;adh\u00e9sion est de 10 \u20ac et 15 \u20ac pour les couples.","alternateName":"ADCA","potentialAction":[{"@type":"SearchAction","target":{"@type":"EntryPoint","urlTemplate":"https:\/\/adca-artois.fr\/?s={search_term_string}"},"query-input":"required name=search_term_string"}],"inLanguage":"fr-FR"}]}},"_links":{"self":[{"href":"https:\/\/adca-artois.fr\/index.php\/wp-json\/wp\/v2\/pages\/77","targetHints":{"allow":["GET"]}}],"collection":[{"href":"https:\/\/adca-artois.fr\/index.php\/wp-json\/wp\/v2\/pages"}],"about":[{"href":"https:\/\/adca-artois.fr\/index.php\/wp-json\/wp\/v2\/types\/page"}],"author":[{"embeddable":true,"href":"https:\/\/adca-artois.fr\/index.php\/wp-json\/wp\/v2\/users\/1"}],"replies":[{"embeddable":true,"href":"https:\/\/adca-artois.fr\/index.php\/wp-json\/wp\/v2\/comments?post=77"}],"version-history":[{"count":8,"href":"https:\/\/adca-artois.fr\/index.php\/wp-json\/wp\/v2\/pages\/77\/revisions"}],"predecessor-version":[{"id":577,"href":"https:\/\/adca-artois.fr\/index.php\/wp-json\/wp\/v2\/pages\/77\/revisions\/577"}],"wp:attachment":[{"href":"https:\/\/adca-artois.fr\/index.php\/wp-json\/wp\/v2\/media?parent=77"}],"curies":[{"name":"wp","href":"https:\/\/api.w.org\/{rel}","templated":true}]}}