{"id":18,"date":"2023-09-13T20:08:09","date_gmt":"2023-09-13T18:08:09","guid":{"rendered":"https:\/\/adca-artois.fr\/?page_id=18"},"modified":"2025-06-25T20:36:09","modified_gmt":"2025-06-25T18:36:09","slug":"genealogie-2","status":"publish","type":"page","link":"https:\/\/adca-artois.fr\/index.php\/genealogie-2\/","title":{"rendered":"GENEALOGIE"},"content":{"rendered":"\n<p class=\"has-text-align-center has-black-color has-text-color has-background has-medium-font-size\" style=\"background:linear-gradient(135deg,rgb(122,220,180) 0%,rgb(125,181,130) 38%,rgb(0,208,130) 100%)\">L&rsquo;A.D.C.A propose une initiation \u00e0 la recherche, au d\u00e9pouillement d&rsquo;archives, ses membres proc\u00e8dent \u00e0 des \u00e9changes de renseignements.<\/p>\n\n\n\n<p class=\"has-text-align-center has-black-color has-text-color has-background has-medium-font-size\" style=\"background:linear-gradient(135deg,rgb(122,220,180) 0%,rgb(125,181,130) 38%,rgb(0,208,130) 100%)\">L&rsquo;association offre \u00e0 ses adh\u00e9rents la possibilit\u00e9 de pr\u00eat de relev\u00e9s g\u00e9n\u00e9alogiques et d&rsquo;un lecteur de&nbsp;micro-films.<\/p>\n\n\n\n<p class=\"has-text-align-center has-black-color has-text-color has-background has-medium-font-size\" style=\"background:linear-gradient(135deg,rgb(122,220,180) 0%,rgb(125,181,130) 38%,rgb(0,208,130) 100%)\">En plus de nombreux relev\u00e9s, elle poss\u00e8de pr\u00e8s de 5000&nbsp;faire-part&nbsp;de d\u00e9c\u00e8s anciens class\u00e9s par ordre alphab\u00e9tique couvrant la p\u00e9riode 1850-1970 et aussi quelques&nbsp;faire-part&nbsp;de naissances et de mariages.<\/p>\n\n\n\n<p class=\"has-text-align-center has-vivid-red-color has-pale-cyan-blue-background-color has-text-color has-background has-medium-font-size\"><strong>R\u00e9pertoire des&nbsp;5000 faire-part&nbsp;disponible \u00e0 la biblioth\u00e8que de l&rsquo;ADCA. Mise \u00e0 jour le 24\/06\/2025<\/strong>.<\/p>\n\n\n\n<p class=\"has-text-align-center has-cyan-bluish-gray-background-color has-background has-medium-font-size\"><a href=\"https:\/\/adca-artois.fr\/wp-content\/uploads\/2025\/06\/REPDECES.pdf\"><strong>REPERTOIRE FAIRE-PART<\/strong><\/a> <strong>de l&rsquo;ADCA, soit environ 4400 faire-part.<\/strong><\/p>\n\n\n\n<p class=\"has-text-align-center has-black-color has-cyan-bluish-gray-background-color has-text-color has-background has-link-color has-medium-font-size wp-elements-56265a510265940341e3634dacd8c701\"><strong><a href=\"https:\/\/adca-artois.fr\/wp-content\/uploads\/2024\/01\/REPDECES-GRARDEL.pdf\">REPERTOIRE FAIRE-PART. Collection CARY-GRARDEL.<\/a><\/strong> <strong>619 faire-part<\/strong>.<\/p>\n\n\n\n<p class=\"has-pale-cyan-blue-background-color has-text-color has-background has-medium-font-size\" style=\"color:#b03333\"><strong>R\u00e9pertoire des relev\u00e9s de g\u00e9n\u00e9alogie consultables \u00e0 la biblioth\u00e8que. Mise \u00e0 jour le 13\/01\/2024.<\/strong><\/p>\n\n\n\n<p class=\"has-text-align-center has-black-color has-cyan-bluish-gray-background-color has-text-color has-background has-medium-font-size\"><a href=\"https:\/\/adca-artois.fr\/wp-content\/uploads\/2024\/01\/REPGENEALO.pdf\"><strong>REPERTOIRE GENEALOGIQUE<\/strong><\/a><\/p>\n\n\n\n<div class=\"wp-block-file alignleft\"><\/div>\n","protected":false},"excerpt":{"rendered":"<p>L&rsquo;A.D.C.A propose une initiation \u00e0 la recherche, au d\u00e9pouillement d&rsquo;archives, ses membres proc\u00e8dent \u00e0 des \u00e9changes de renseignements. L&rsquo;association offre \u00e0 ses adh\u00e9rents la possibilit\u00e9 de pr\u00eat de relev\u00e9s g\u00e9n\u00e9alogiques et d&rsquo;un lecteur de&nbsp;micro-films. En plus de nombreux relev\u00e9s, elle poss\u00e8de pr\u00e8s de 5000&nbsp;faire-part&nbsp;de d\u00e9c\u00e8s anciens class\u00e9s par ordre alphab\u00e9tique couvrant la p\u00e9riode 1850-1970 et [&hellip;]<\/p>\n","protected":false},"author":1,"featured_media":0,"parent":0,"menu_order":0,"comment_status":"closed","ping_status":"closed","template":"","meta":{"footnotes":""},"class_list":["post-18","page","type-page","status-publish","hentry","entry"],"yoast_head":"<!-- This site is optimized with the Yoast SEO plugin v21.2 - https:\/\/yoast.com\/wordpress\/plugins\/seo\/ -->\n<title>GENEALOGIE - Association pour la D\u00e9couverte d&#039;un Coin d&#039;Artois - entre Lys et Clarence -<\/title>\n<meta name=\"robots\" content=\"index, follow, max-snippet:-1, max-image-preview:large, max-video-preview:-1\" \/>\n<link rel=\"canonical\" href=\"https:\/\/adca-artois.fr\/index.php\/genealogie-2\/\" \/>\n<meta property=\"og:locale\" content=\"fr_FR\" \/>\n<meta property=\"og:type\" content=\"article\" \/>\n<meta property=\"og:title\" content=\"GENEALOGIE - Association pour la D\u00e9couverte d&#039;un Coin d&#039;Artois - entre Lys et Clarence -\" \/>\n<meta property=\"og:description\" content=\"L&rsquo;A.D.C.A propose une initiation \u00e0 la recherche, au d\u00e9pouillement d&rsquo;archives, ses membres proc\u00e8dent \u00e0 des \u00e9changes de renseignements. L&rsquo;association offre \u00e0 ses adh\u00e9rents la possibilit\u00e9 de pr\u00eat de relev\u00e9s g\u00e9n\u00e9alogiques et d&rsquo;un lecteur de&nbsp;micro-films. En plus de nombreux relev\u00e9s, elle poss\u00e8de pr\u00e8s de 5000&nbsp;faire-part&nbsp;de d\u00e9c\u00e8s anciens class\u00e9s par ordre alphab\u00e9tique couvrant la p\u00e9riode 1850-1970 et [&hellip;]\" \/>\n<meta property=\"og:url\" content=\"https:\/\/adca-artois.fr\/index.php\/genealogie-2\/\" \/>\n<meta property=\"og:site_name\" content=\"Association pour la D\u00e9couverte d&#039;un Coin d&#039;Artois - entre Lys et Clarence -\" \/>\n<meta property=\"article:modified_time\" content=\"2025-06-25T18:36:09+00:00\" \/>\n<meta name=\"twitter:card\" content=\"summary_large_image\" \/>\n<meta name=\"twitter:label1\" content=\"Dur\u00e9e de lecture estim\u00e9e\" \/>\n\t<meta name=\"twitter:data1\" content=\"1 minute\" \/>\n<script type=\"application\/ld+json\" class=\"yoast-schema-graph\">{\"@context\":\"https:\/\/schema.org\",\"@graph\":[{\"@type\":\"WebPage\",\"@id\":\"https:\/\/adca-artois.fr\/index.php\/genealogie-2\/\",\"url\":\"https:\/\/adca-artois.fr\/index.php\/genealogie-2\/\",\"name\":\"GENEALOGIE - Association pour la D\u00e9couverte d&#039;un Coin d&#039;Artois - entre Lys et Clarence -\",\"isPartOf\":{\"@id\":\"https:\/\/adca-artois.fr\/#website\"},\"datePublished\":\"2023-09-13T18:08:09+00:00\",\"dateModified\":\"2025-06-25T18:36:09+00:00\",\"breadcrumb\":{\"@id\":\"https:\/\/adca-artois.fr\/index.php\/genealogie-2\/#breadcrumb\"},\"inLanguage\":\"fr-FR\",\"potentialAction\":[{\"@type\":\"ReadAction\",\"target\":[\"https:\/\/adca-artois.fr\/index.php\/genealogie-2\/\"]}]},{\"@type\":\"BreadcrumbList\",\"@id\":\"https:\/\/adca-artois.fr\/index.php\/genealogie-2\/#breadcrumb\",\"itemListElement\":[{\"@type\":\"ListItem\",\"position\":1,\"name\":\"Accueil\",\"item\":\"https:\/\/adca-artois.fr\/\"},{\"@type\":\"ListItem\",\"position\":2,\"name\":\"GENEALOGIE\"}]},{\"@type\":\"WebSite\",\"@id\":\"https:\/\/adca-artois.fr\/#website\",\"url\":\"https:\/\/adca-artois.fr\/\",\"name\":\"Association pour la D\u00e9couverte d&#039;un Coin d&#039;Artois - entre Lys et Clarence -\",\"description\":\"L&#039;A.D.C.A est une Association r\u00e9gie par la loi du 1er Juillet 1901. Elle a \u00e9t\u00e9 fond\u00e9e le 23 janvier 1986. Notre Association propose la D\u00e9couverte et la promotion  de l&#039;histoire d&#039;un Coin d&#039;Artois sous tous ses aspects pour la partager avec le plus grand nombre d&#039;amateurs de tout \u00e2ge. Elle compte environ 60 membres. Si vous \u00eates int\u00e9ress\u00e9 par l&#039;histoire de notre r\u00e9gion, par des recherches g\u00e9n\u00e9alogiques ou participer  \u00e0 nos sorties th\u00e9matiques. Rejoignez-nous. L&#039;adh\u00e9sion est de 10 \u20ac et 15 \u20ac pour les couples.\",\"alternateName\":\"ADCA\",\"potentialAction\":[{\"@type\":\"SearchAction\",\"target\":{\"@type\":\"EntryPoint\",\"urlTemplate\":\"https:\/\/adca-artois.fr\/?s={search_term_string}\"},\"query-input\":\"required name=search_term_string\"}],\"inLanguage\":\"fr-FR\"}]}<\/script>\n<!-- \/ Yoast SEO plugin. -->","yoast_head_json":{"title":"GENEALOGIE - Association pour la D\u00e9couverte d&#039;un Coin d&#039;Artois - entre Lys et Clarence -","robots":{"index":"index","follow":"follow","max-snippet":"max-snippet:-1","max-image-preview":"max-image-preview:large","max-video-preview":"max-video-preview:-1"},"canonical":"https:\/\/adca-artois.fr\/index.php\/genealogie-2\/","og_locale":"fr_FR","og_type":"article","og_title":"GENEALOGIE - Association pour la D\u00e9couverte d&#039;un Coin d&#039;Artois - entre Lys et Clarence -","og_description":"L&rsquo;A.D.C.A propose une initiation \u00e0 la recherche, au d\u00e9pouillement d&rsquo;archives, ses membres proc\u00e8dent \u00e0 des \u00e9changes de renseignements. L&rsquo;association offre \u00e0 ses adh\u00e9rents la possibilit\u00e9 de pr\u00eat de relev\u00e9s g\u00e9n\u00e9alogiques et d&rsquo;un lecteur de&nbsp;micro-films. En plus de nombreux relev\u00e9s, elle poss\u00e8de pr\u00e8s de 5000&nbsp;faire-part&nbsp;de d\u00e9c\u00e8s anciens class\u00e9s par ordre alphab\u00e9tique couvrant la p\u00e9riode 1850-1970 et [&hellip;]","og_url":"https:\/\/adca-artois.fr\/index.php\/genealogie-2\/","og_site_name":"Association pour la D\u00e9couverte d&#039;un Coin d&#039;Artois - entre Lys et Clarence -","article_modified_time":"2025-06-25T18:36:09+00:00","twitter_card":"summary_large_image","twitter_misc":{"Dur\u00e9e de lecture estim\u00e9e":"1 minute"},"schema":{"@context":"https:\/\/schema.org","@graph":[{"@type":"WebPage","@id":"https:\/\/adca-artois.fr\/index.php\/genealogie-2\/","url":"https:\/\/adca-artois.fr\/index.php\/genealogie-2\/","name":"GENEALOGIE - Association pour la D\u00e9couverte d&#039;un Coin d&#039;Artois - entre Lys et Clarence -","isPartOf":{"@id":"https:\/\/adca-artois.fr\/#website"},"datePublished":"2023-09-13T18:08:09+00:00","dateModified":"2025-06-25T18:36:09+00:00","breadcrumb":{"@id":"https:\/\/adca-artois.fr\/index.php\/genealogie-2\/#breadcrumb"},"inLanguage":"fr-FR","potentialAction":[{"@type":"ReadAction","target":["https:\/\/adca-artois.fr\/index.php\/genealogie-2\/"]}]},{"@type":"BreadcrumbList","@id":"https:\/\/adca-artois.fr\/index.php\/genealogie-2\/#breadcrumb","itemListElement":[{"@type":"ListItem","position":1,"name":"Accueil","item":"https:\/\/adca-artois.fr\/"},{"@type":"ListItem","position":2,"name":"GENEALOGIE"}]},{"@type":"WebSite","@id":"https:\/\/adca-artois.fr\/#website","url":"https:\/\/adca-artois.fr\/","name":"Association pour la D\u00e9couverte d&#039;un Coin d&#039;Artois - entre Lys et Clarence -","description":"L&#039;A.D.C.A est une Association r\u00e9gie par la loi du 1er Juillet 1901. Elle a \u00e9t\u00e9 fond\u00e9e le 23 janvier 1986. Notre Association propose la D\u00e9couverte et la promotion  de l&#039;histoire d&#039;un Coin d&#039;Artois sous tous ses aspects pour la partager avec le plus grand nombre d&#039;amateurs de tout \u00e2ge. Elle compte environ 60 membres. Si vous \u00eates int\u00e9ress\u00e9 par l&#039;histoire de notre r\u00e9gion, par des recherches g\u00e9n\u00e9alogiques ou participer  \u00e0 nos sorties th\u00e9matiques. Rejoignez-nous. L&#039;adh\u00e9sion est de 10 \u20ac et 15 \u20ac pour les couples.","alternateName":"ADCA","potentialAction":[{"@type":"SearchAction","target":{"@type":"EntryPoint","urlTemplate":"https:\/\/adca-artois.fr\/?s={search_term_string}"},"query-input":"required name=search_term_string"}],"inLanguage":"fr-FR"}]}},"_links":{"self":[{"href":"https:\/\/adca-artois.fr\/index.php\/wp-json\/wp\/v2\/pages\/18","targetHints":{"allow":["GET"]}}],"collection":[{"href":"https:\/\/adca-artois.fr\/index.php\/wp-json\/wp\/v2\/pages"}],"about":[{"href":"https:\/\/adca-artois.fr\/index.php\/wp-json\/wp\/v2\/types\/page"}],"author":[{"embeddable":true,"href":"https:\/\/adca-artois.fr\/index.php\/wp-json\/wp\/v2\/users\/1"}],"replies":[{"embeddable":true,"href":"https:\/\/adca-artois.fr\/index.php\/wp-json\/wp\/v2\/comments?post=18"}],"version-history":[{"count":32,"href":"https:\/\/adca-artois.fr\/index.php\/wp-json\/wp\/v2\/pages\/18\/revisions"}],"predecessor-version":[{"id":745,"href":"https:\/\/adca-artois.fr\/index.php\/wp-json\/wp\/v2\/pages\/18\/revisions\/745"}],"wp:attachment":[{"href":"https:\/\/adca-artois.fr\/index.php\/wp-json\/wp\/v2\/media?parent=18"}],"curies":[{"name":"wp","href":"https:\/\/api.w.org\/{rel}","templated":true}]}}

<p class="has-text-align-center has-black-color has-text-color has-background has-medium-font-size" style="background:linear-gradient(135deg,rgb(122,220,180) 0%,rgb(125,181,130) 38%,rgb(0,208,130) 100%)">L&rsquo;A.D.C.A propose une initiation à la recherche, au dépouillement d&rsquo;archives, ses membres procèdent à des échanges de renseignements.</p>



<p class="has-text-align-center has-black-color has-text-color has-background has-medium-font-size" style="background:linear-gradient(135deg,rgb(122,220,180) 0%,rgb(125,181,130) 38%,rgb(0,208,130) 100%)">L&rsquo;association offre à ses adhérents la possibilité de prêt de relevés généalogiques et d&rsquo;un lecteur de&nbsp;micro-films.</p>



<p class="has-text-align-center has-black-color has-text-color has-background has-medium-font-size" style="background:linear-gradient(135deg,rgb(122,220,180) 0%,rgb(125,181,130) 38%,rgb(0,208,130) 100%)">En plus de nombreux relevés, elle possède près de 5000&nbsp;faire-part&nbsp;de décès anciens classés par ordre alphabétique couvrant la période 1850-1970 et aussi quelques&nbsp;faire-part&nbsp;de naissances et de mariages.</p>



<p class="has-text-align-center has-vivid-red-color has-pale-cyan-blue-background-color has-text-color has-background has-medium-font-size"><strong>Répertoire des&nbsp;5000 faire-part&nbsp;disponible à la bibliothèque de l&rsquo;ADCA. Mise à jour le 24/06/2025</strong>.</p>



<p class="has-text-align-center has-cyan-bluish-gray-background-color has-background has-medium-font-size"><a href="https://adca-artois.fr/wp-content/uploads/2025/06/REPDECES.pdf"><strong>REPERTOIRE FAIRE-PART</strong></a> <strong>de l&rsquo;ADCA, soit environ 4400 faire-part.</strong></p>



<p class="has-text-align-center has-black-color has-cyan-bluish-gray-background-color has-text-color has-background has-link-color has-medium-font-size wp-elements-56265a510265940341e3634dacd8c701"><strong><a href="https://adca-artois.fr/wp-content/uploads/2024/01/REPDECES-GRARDEL.pdf">REPERTOIRE FAIRE-PART. Collection CARY-GRARDEL.</a></strong> <strong>619 faire-part</strong>.</p>



<p class="has-pale-cyan-blue-background-color has-text-color has-background has-medium-font-size" style="color:#b03333"><strong>Répertoire des relevés de généalogie consultables à la bibliothèque. Mise à jour le 13/01/2024.</strong></p>



<p class="has-text-align-center has-black-color has-cyan-bluish-gray-background-color has-text-color has-background has-medium-font-size"><a href="https://adca-artois.fr/wp-content/uploads/2024/01/REPGENEALO.pdf"><strong>REPERTOIRE GENEALOGIQUE</strong></a></p>



<div class="wp-block-file alignleft"></div>

<p>L&rsquo;A.D.C.A propose une initiation à la recherche, au dépouillement d&rsquo;archives, ses membres procèdent à des échanges de renseignements. L&rsquo;association offre à ses adhérents la possibilité de prêt de relevés généalogiques et d&rsquo;un lecteur de&nbsp;micro-films. En plus de nombreux relevés, elle possède près de 5000&nbsp;faire-part&nbsp;de décès anciens classés par ordre alphabétique couvrant la période 1850-1970 et [&hellip;]</p>

<!-- This site is optimized with the Yoast SEO plugin v21.2 - https://yoast.com/wordpress/plugins/seo/ -->
<title>GENEALOGIE - Association pour la Découverte d&#039;un Coin d&#039;Artois - entre Lys et Clarence -</title>
<meta name="robots" content="index, follow, max-snippet:-1, max-image-preview:large, max-video-preview:-1" />
<link rel="canonical" href="https://adca-artois.fr/index.php/genealogie-2/" />
<meta property="og:locale" content="fr_FR" />
<meta property="og:type" content="article" />
<meta property="og:title" content="GENEALOGIE - Association pour la Découverte d&#039;un Coin d&#039;Artois - entre Lys et Clarence -" />
<meta property="og:description" content="L&rsquo;A.D.C.A propose une initiation à la recherche, au dépouillement d&rsquo;archives, ses membres procèdent à des échanges de renseignements. L&rsquo;association offre à ses adhérents la possibilité de prêt de relevés généalogiques et d&rsquo;un lecteur de&nbsp;micro-films. En plus de nombreux relevés, elle possède près de 5000&nbsp;faire-part&nbsp;de décès anciens classés par ordre alphabétique couvrant la période 1850-1970 et [&hellip;]" />
<meta property="og:url" content="https://adca-artois.fr/index.php/genealogie-2/" />
<meta property="og:site_name" content="Association pour la Découverte d&#039;un Coin d&#039;Artois - entre Lys et Clarence -" />
<meta property="article:modified_time" content="2025-06-25T18:36:09+00:00" />
<meta name="twitter:card" content="summary_large_image" />
<meta name="twitter:label1" content="Durée de lecture estimée" />
	<meta name="twitter:data1" content="1 minute" />
<script type="application/ld+json" class="yoast-schema-graph">{"@context":"https://schema.org","@graph":[{"@type":"WebPage","@id":"https://adca-artois.fr/index.php/genealogie-2/","url":"https://adca-artois.fr/index.php/genealogie-2/","name":"GENEALOGIE - Association pour la Découverte d&#039;un Coin d&#039;Artois - entre Lys et Clarence -","isPartOf":{"@id":"https://adca-artois.fr/#website"},"datePublished":"2023-09-13T18:08:09+00:00","dateModified":"2025-06-25T18:36:09+00:00","breadcrumb":{"@id":"https://adca-artois.fr/index.php/genealogie-2/#breadcrumb"},"inLanguage":"fr-FR","potentialAction":[{"@type":"ReadAction","target":["https://adca-artois.fr/index.php/genealogie-2/"]}]},{"@type":"BreadcrumbList","@id":"https://adca-artois.fr/index.php/genealogie-2/#breadcrumb","itemListElement":[{"@type":"ListItem","position":1,"name":"Accueil","item":"https://adca-artois.fr/"},{"@type":"ListItem","position":2,"name":"GENEALOGIE"}]},{"@type":"WebSite","@id":"https://adca-artois.fr/#website","url":"https://adca-artois.fr/","name":"Association pour la Découverte d&#039;un Coin d&#039;Artois - entre Lys et Clarence -","description":"L&#039;A.D.C.A est une Association régie par la loi du 1er Juillet 1901. Elle a été fondée le 23 janvier 1986. Notre Association propose la Découverte et la promotion  de l&#039;histoire d&#039;un Coin d&#039;Artois sous tous ses aspects pour la partager avec le plus grand nombre d&#039;amateurs de tout âge. Elle compte environ 60 membres. Si vous êtes intéressé par l&#039;histoire de notre région, par des recherches généalogiques ou participer  à nos sorties thématiques. Rejoignez-nous. L&#039;adhésion est de 10 € et 15 € pour les couples.","alternateName":"ADCA","potentialAction":[{"@type":"SearchAction","target":{"@type":"EntryPoint","urlTemplate":"https://adca-artois.fr/?s={search_term_string}"},"query-input":"required name=search_term_string"}],"inLanguage":"fr-FR"}]}</script>
<!-- / Yoast SEO plugin. -->

GENEALOGIE - Association pour la Découverte d&#039;un Coin d&#039;Artois - entre Lys et Clarence -

L&rsquo;A.D.C.A propose une initiation à la recherche, au dépouillement d&rsquo;archives, ses membres procèdent à des échanges de renseignements. L&rsquo;association offre à ses adhérents la possibilité de prêt de relevés généalogiques et d&rsquo;un lecteur de&nbsp;micro-films. En plus de nombreux relevés, elle possède près de 5000&nbsp;faire-part&nbsp;de décès anciens classés par ordre alphabétique couvrant la période 1850-1970 et [&hellip;]

Association pour la Découverte d&#039;un Coin d&#039;Artois - entre Lys et Clarence -

L&#039;A.D.C.A est une Association régie par la loi du 1er Juillet 1901. Elle a été fondée le 23 janvier 1986. Notre Association propose la Découverte et la promotion  de l&#039;histoire d&#039;un Coin d&#039;Artois sous tous ses aspects pour la partager avec le plus grand nombre d&#039;amateurs de tout âge. Elle compte environ 60 membres. Si vous êtes intéressé par l&#039;histoire de notre région, par des recherches généalogiques ou participer  à nos sorties thématiques. Rejoignez-nous. L&#039;adhésion est de 10 € et 15 € pour les couples.
